vided by 54 + -51 + (h - (-91 - -1))?
89
Suppose 0 = -3*o - 4*z + 282, -2*o - 8*z = -3*z - 181. What is the remainder when 87 is divided by 7/(o/(-24))*7/(-2)?
3
Let m(w) = w**3 - w - 1. Let f(y) = y**3 - 2*y**2 + 4*y - 3. Let p(j) = f(j) - 2*m(j). Calculate the remainder when 150 is divided by p(-4).
3
Suppose -29318 = -358*x - 273*x - 923. Suppose 3*u + 5*j - 8 = j, 4*j - 8 = 5*u. Suppose -16 = -u*k - k. What is the remainder when x is divided by k?
13
Suppose 48*w - 62 = 46*w. Suppose -1790 = -10*b - 570. Calculate the remainder when b is divided by w.
29
Let l = -13077 + 20607. What is the remainder when l is divided by 48?
42
Suppose 4*f = -4*m + 1020, 5*m - 926 - 345 = -4*f. What is the remainder when m is divided by 51?
47
What is the remainder when 157966/101 + 194/(-9797) is divided by 39?
4
Suppose 34 = 3*s - 2*l - 72, -l + 42 = s. Let b(h) = h**3 + 22*h**2 + 20*h - 11. Let n = -96 + 75. Calculate the remainder when s is divided by b(n).
8
Let x(c) = -c**3 - 12*c**2 - 231*c - 1153. What is the remainder when 184 is divided by x(-6)?
14
Suppose -j + 4*j + 1020 = 3*z, -3*z + j + 1014 = 0. Let y = z - 141. What is the remainder when y is divided by 50?
46
Suppose -2*x - 4*x + 444 = 0. Let d = -8283 - -8503. What is the remainder when d is divided by x?
72
Suppose -5*y = t + 3*t - 177, -87 = -3*y + 4*t. Let p be (-483)/(-15) - 4/20. Suppose -378 = p*o - 38*o. What is the remainder when o is divided by y?
30
Suppose 4*k + 2156 = 5*v, 6 - 18 = 3*k. What is the remainder when v is divided by 134?
26
What is the remainder when 476 is divided by (22425/(-45))/(-13)*3?
16
Let u = 4709 + -4573. Calculate the remainder when 1223 is divided by u.
135
Suppose 142*s - 3195 - 1614 = 3569. What is the remainder when 480 is divided by s?
8
What is the remainder when 527 is divided by 60/(-2)*(-364)/168?
7
Suppose 0 = -8*c + 1 + 791. Suppose o + 4*t + 32 = 3*o, 2*o + 2*t = 56. Suppose o*w + 130 = 29*w. What is the remainder when c is divided by w?
21
Let s = 11058 + -10944. Calculate the remainder when 1352 is divided by s.
98
Suppose -3*j = -4*l + 12, -2*l + 5*j - 2*j = 0. Let a(c) = -8*c + 59. Calculate the remainder when 40 is divided by a(l).
7
Let p(o) = -16*o**2 + 137*o + 72. What is the remainder when 79 is divided by p(9)?
7
Suppose 19*a + 22*a - 32231 = -1768. What is the remainder when a is divided by 235?
38
Let u be (26/(-3) - -8)/((-2)/48). Suppose 0 = u*r - 18*r + 48. Let g = 21 + 23. What is the remainder when g is divided by r?
20
Let b(y) = -y**2 - 48*y - 212. Calculate the remainder when 1140 is divided by b(-33).
8
Let g = 595 + -360. Suppose 0 = -2*w + d + g, -10*d + 6*d - 12 = 0. Let q(u) = 3*u**2 + 6*u + 6. What is the remainder when w is divided by q(-4)?
26
Let w be 140/2 - (-3 + 1). Let u = -26 + w. What is the remainder when u is divided by 529/21 + 7792/(-40908)?
21
Let n = 139 + -134. Let j(l) = l**2 - 4*l + 5. Calculate the remainder when 168 is divided by j(n).
8
Let a(x) be the third derivative of x**4/12 - 5*x**3/6 - x**2 - 19*x. Let m be a(13). Suppose -8*d = -139 - m. What is the remainder when 57 is divided by d?
17
Let n(t) = -t - 4. Let a be n(-8). Suppose a*s - 28 = -0*s. Let h = 5348 + -5316. What is the remainder when h is divided by s?
4
Suppose 3*g - 38 = o + 67, 2*g - 36 = -5*o. Calculate the remainder when 564 is divided by g.
3
Let c = 38 + -21. Let o(j) = 2*j**3 - 10*j**2 - 3*j + 5. Let t be o(5). What is the remainder when (c/t*8)/(4/(-20)) is divided by 12?
8
Suppose -30 = -3*t - i, -i = -4*t + t + 24. Suppose 0 = -t*c + 947 + 196. What is the remainder when c is divided by 27?
19
Let d = -7076 + 7152. Calculate the remainder when 334 is divided by d.
30
Let d = -832 + 1030. Calculate the remainder when 1101 is divided by d.
111
Let w(u) = -u**3 + 10*u**2 - 17*u + 10. Let y be w(8). Suppose -35 = y*l - 53. Calculate the remainder when 44 is divided by l.
8
Let o be 1 - (-11)/(-13) - 16/104. Calculate the remainder when 47 is divided by (-6*(o - 3))/((-12)/(-16)).
23
Let g = 11 + -45. Calculate the remainder when 57 is divided by g/(-5)*(36/(-8) + 7).
6
Let s = -6064 - -6100. Suppose 4*q = -q - 2*k + 543, -3*q - 5*k + 322 = 0. Suppose 101 = 2*w - q. Calculate the remainder when w is divided by s.
33
Let u = 14546 - 12819. Calculate the remainder when u is divided by 18.
17
Let h(n) = 2*n**3 + 27*n**2 + 92*n + 10. Calculate the remainder when 2122 is divided by h(-7).
1
Let t(j) = -j + 2. Suppose -2*x = -5*d - 33, d = 2*x - d - 18. Let y be t(x). Calculate the remainder when 61/((2 - -1) + y) is divided by 8.
5
Let r = -3838 + 3884. Calculate the remainder when 366 is divided by r.
44
Suppose 169*v = 164*v + 110. What is the remainder when 83 is divided by v?
17
Suppose n - 51 + 49 = 0, -5*u = -3*n - 149. Calculate the remainder when 2 + -3 + -2 + 91 is divided by u.
26
Suppose 56*j - 263 = 969. Calculate the remainder when 449 is divided by j.
9
Suppose 2*x + 2 = 8. Let u be x - (1 + (3 - 395)). Calculate the remainder when -2*6/(-4)*u/6 is divided by 40.
37
Let c(k) = 377*k**2 - 3*k. Let q be c(-1). Let u = q + -241. Calculate the remainder when u is divided by 36.
31
Let z = -463 - -810. Let d = z + -169. Calculate the remainder when d is divided by 45.
43
Suppose 9*u - 11*u + 10 = 0, -4*u = 3*p - 722. Suppose 9*m - p = 711. Calculate the remainder when m is divided by 4.
1
Suppose 3*a - 4*k + 23 = 1011, -3*a + k + 994 = 0. Calculate the remainder when a is divided by 116.
100
What is the remainder when (1*52)/(1/4) - 1 is divided by 6*4/48 - 2/((-8)/70)?
9
Let h(m) = -m**3 - 32*m**2 + 59. Suppose -5*b - 4*u + 46 = 0, 3*b + 3*u - u - 28 = 0. Calculate the remainder when h(-32) is divided by b.
9
Let q(f) = -f**3 - 15*f**2 - 13*f - 18. Suppose u + t = 28, -4 = -19*t + 21*t. Calculate the remainder when q(-15) is divided by u.
27
Suppose 12 = 10*z - 6*z. Suppose 5*a - z = 37. Suppose -3*q = -2*i + 141, 2*q - 6*q = -i + 83. Calculate the remainder when i is divided by a.
7
Suppose -39*r - 144 = -4*a - 43*r, -4*a = r - 132. Suppose 0 = 4*y - 196 - 296. Calculate the remainder when y is divided by a.
27
Let p = 177 - 173. Suppose 5*q - 363 - 199 = -p*m, -m = 5*q - 133. What is the remainder when m is divided by 19?
10
Let j(p) = -10*p + 398. Let h be (-2)/6 - (-1)/3. Let w = h + 6. Calculate the remainder when j(37) is divided by w.
4
Suppose 5*q - 32 = 4*t + 16, -4*q + 34 = -t. Let r(x) = 2*x**3 + 141*x**2 - 1175*x - 161. Calculate the remainder when r(-78) is divided by q.
5
Let q = 173 + 40. Let g(h) be the first derivative of -h**3/3 + 10*h**2 - 75*h + 5. What is the remainder when q is divided by g(11)?
21
Let o be -40*33 - (40 - 45). Let a = -1309 - o. Calculate the remainder when (1/(-2))/(1/(-34)) is divided by a.
5
Let z be -35 - 1*(-4)/(-4). Let w = 1396 - 1373. Calculate the remainder when w is divided by ((-4)/(-6))/((-3)/z).
7
Let t = 2032 + -1947. Calculate the remainder when 500 is divided by t.
75
Let h(s) = 9*s - 3. Calculate the remainder when h(6) is divided by (168/224)/(1/12).
6
Suppose 72 - 9 = 9*d. Suppose -d*r = -105 + 42. What is the remainder when 31 is divided by r?
4
Let f(a) = 17*a - 97. Let i be f(6). Suppose -x + 111 = -3*q, x - 63 = i*q + 54. Calculate the remainder when x is divided by 36.
30
Let j(x) = 7*x**2 - 75*x - 81. What is the remainder when j(16) is divided by 237?
37
Let o = 22 - 7. Let a = 23 + o. What is the remainder when a is divided by 5/(-1) - (-108)/6?
12
Suppose -1147 = -80*n + 3*n + 1086. Calculate the remainder when 3479 is divided by n.
28
Suppose -5*l = -5*u - 2*l + 582, -4*l - 16 = 0. Calculate the remainder when 363 is divided by u.
21
Let k = -20 + 78. Let n(l) = -12 - 54*l**2 + l + l + 4*l + 57*l**2. What is the remainder when k is divided by n(-4)?
10
Suppose -133 + 273 = 14*p. What is the remainder when 1178 is divided by p?
8
Suppose 0*a + 3*a - 39 = 0. Let m(q) = -q**3 + 12*q**2 + 15*q + 11. Calculate the remainder when m(a) is divided by (133/14 - 6)*80/28.
7
Let b be ((10/3)/(-2))/(9/(-297)). What is the remainder when 122 is divided by (7/(154/b))/((-1)/(-10))?
22
Suppose -2*r + 5*r + 21 = 0, 3*x - 6463 = 4*r. What is the remainder when x is divided by 10?
5
Let w(o) = 2505*o - 885. Calculate the remainder when w(6) is divided by 4712.
9
W